ase 12) to base 9.
-226
1322 (base 6) to base 14
1a2
What is a3 (base 11) in base 6?
305
What is -4 (base 5) in base 4?
-10
What is -de (base 16) in base 14?
-11c
4 (base 8) to base 5
4
What is -6 (base 11) in base 14?
-6
Convert 2 (base 7) to base 4.
2
Convert 525 (base 9) to base 15.
1d8
What is -1 (base 5) in base 16?
-1
4 (base 14) to base 5
4
Convert -33 (base 4) to base 12.
-13
What is -1010 (base 3) in base 4?
-132
-1001100 (base 2) to base 5
-301
What is -b (base 14) in base 2?
-1011
-25 (base 6) to base 2
-10001
What is -1 (base 3) in base 13?
-1
Convert 4 (base 16) to base 3.
11
Convert -1 (base 11) to base 6.
-1
What is -1d (base 15) in base 13?
-22
-2 (base 8) to base 5
-2
-110 (base 8) to base 15
-4c
Convert 17 (base 8) to base 6.
23
442 (base 8) to base 12
202
Convert 6 (base 10) to base 8.
6
What is -11111 (base 2) in base 14?
-23
What is -6 (base 14) in base 13?
-6
Convert 35 (base 14) to base 7.
65
Convert -16 (base 16) to base 8.
-26
What is -7 (base 11) in base 4?
-13
Convert -41 (base 5) to base 4.
-111
1c (base 13) to base 11
23
4 (base 16) to base 3
11
Convert 17 (base 16) to base 9.
25
-13 (base 6) to base 2
-1001
52 (base 6) to base 8
40
Convert -4 (base 15) to base 14.
-4
What is 4b (base 14) in base 7?
124
Convert -7 (base 9) to base 7.
-10
-29 (base 12) to base 6
-53
What is -11 (base 4) in base 12?
-5
What is 14 (base 8) in base 9?
13
What is 1 (base 4) in base 15?
1
Convert 10 (base 2) to base 16.
2
-10 (base 7) to base 15
-7
-11100010 (base 2) to base 11
-196
Convert -3e (base 16) to base 6.
-142
-3 (base 10) to base 5
-3
-11 (base 2) to base 9
-3
Convert 15 (base 6) to base 7.
14
What is 1a (base 15) in base 4?
121
0 (base 9) to base 12
0
What is -34 (base 5) in base 14?
-15
What is -12 (base 4) in base 9?
-6
Convert -2 (base 11) to base 7.
-2
Convert 23 (base 10) to base 16.
17
Convert -4 (base 13) to base 6.
-4
-452 (base 7) to base 12
-175
13 (base 13) to base 14
12
-3 (base 14) to base 12
-3
Convert -1 (base 15) to base 4.
-1
-1 (base 16) to base 14
-1
What is -254 (base 8) in base 11?
-147
2 (base 14) to base 5
2
1 (base 3) to base 6
1
What is 2c (base 15) in base 5?
132
1 (base 6) to base 12
1
Convert 9 (base 12) to base 9.
10
What is -2 (base 11) in base 16?
-2
227 (base 13) to base 14
1c7
What is -2 (base 13) in base 6?
-2
What is -31 (base 4) in base 13?
-10
What is 103 (base 11) in base 9?
147
-47 (base 8) to base 14
-2b
17 (base 13) to base 16
14
13 (base 4) to base 5
12
What is 5 (base 8) in base 3?
12
What is -22 (base 6) in base 15?
-e
Convert 21 (base 8) to base 6.
25
What is -65 (base 15) in base 8?
-137
Convert -1110110 (base 2) to base 3.
-11101
Convert 12 (base 8) to base 6.
14
-2 (base 9) to base 10
-2
What is -198 (base 16) in base 7?
-1122
-11 (base 3) to base 15
-4
Convert -150 (base 7) to base 16.
-54
Convert -26 (base 8) to base 9.
-24
What is -2 (base 8) in base 4?
-2
166 (base 12) to base 14
11c
Convert 2 (base 7) to base 4.
2
-5 (base 16) to base 3
-12
Convert -8 (base 15) to base 6.
-12
What is 53 (base 6) in base 5?
113
-234 (base 7) to base 2
-1111011
Convert -12 (base 3) to base 12.
-5
What is 34 (base 5) in base 16?
13
-28 (base 13) to base 7
-46
Convert -2 (base 13) to base 9.
-2
3 (base 13) to base 15
3
-23b (base 12) to base 11
-285
100 (base 3) to base 7
12
200 (base 3) to base 5
33
What is -38 (base 9) in base 16?
-23
Convert -5 (base 13) to base 5.
-10
Convert -25 (base 6) to base 4.
-101
5 (base 10) to base 8
5
Convert -1 (base 16) to base 4.
-1
a (base 12) to base 7
13
Convert -12120 (base 3) to base 9.
-176
9 (base 12) to base 13
9
-4 (base 11) to base 3
-11
Convert 1 (base 9) to base 11.
1
3 (base 16) to base 14
3
What is -414 (base 5) in base 9?
-131
Convert 101 (base 5) to base 11.
24
103 (base 5) to base 12
24
Convert 3 (base 11) to base 5.
3
What is 8 (base 13) in base 11?
8
What is -12 (base 11) in base 6?
-21
What is -16 (base 9) in base 5?
-30
Convert -4 (base 10) to base 11.
-4
Convert 32 (base 16) to base 10.
50
What is 4 (base 10) in base 6?
4
Convert -4 (base 13) to base 4.
-10
What is -153 (base 7) in base 6?
-223
Convert -131 (base 6) to base 4.
-313
Convert -13 (base 16) to base 10.
-19
Convert -7 (base 8) to base 10.
-7
Convert 20 (base 15) to base 4.
132
Convert 5 (base 6) to base 5.
10
What is 1 (base 4) in base 7?
1
-43 (base 7) to base 8
-37
-7 (base 12) to base 5
-12
What is 13 (base 5) in base 15?
8
-5 (base 7) to base 12
-5
Convert 83 (base 14) to base 13.
8b
2 (base 4) to base 16
2
What is 0 (base 6) in base 11?
0
Convert -33 (base 13) to base 7.
-60
What is 63 (base 8) in base 11?
47
17 (base 15) to base 7
31
Convert 24 (base 13) to base 3.
1010
What is -1 (base 16) in base 4?
-1
9 (base 10) to base 13
9
155 (base 11) to base 8
265
Convert 21 (base 8) to base 15.
12
What is -72 (base 9) in base 7?
-122
What is -101011 (base 2) in base 12?
-37
Convert -10a (base 11) to base 9.
-155
34 (base 13) to base 3
1121
2 (base 5) to base 6
2
Convert -7 (base 11) to base 9.
-7
0 (base 16) to base 4
0
What is -1b (base 16) in base 5?
-102
Convert a6 (base 12) to base 8.
176
11 (base 5) to base 14
6
Convert -213 (base 11) to base 2.
-100000000
-10001 (base 4) to base 6
-1105
Convert 412 (base 6) to base 8.
230
14 (base 15) to base 4
103
What is -3a (base 16) in base 9?
-64
Convert -122 (base 3) to base 2.
-10001
2 (base 13) to base 2
10
What is -3 (base 6) in base 9?
-3
Convert 0 (base 14) to base 10.
0
2 (base 12) to base 14
2
Convert 32 (base 4) to base 3.
112
-3 (base 15) to base 14
-3
Convert -54 (base 6) to base 16.
-22
-1100 (base 2) to base 11
-11
Convert 2 (base 11) to base 15.
2
What is -1022 (base 5) in base 9?
-162
Convert 202 (base 3) to base 10.
20
What is 2 (base 12) in base 6?
2
Convert 2 (base 11) to base 6.
2
What is 56 (base 15) in base 4?
1101
-5 (base 11) to base 7
-5
-230 (base 5) to base 12
-55
What is 1 (base 3) in base 9?
1
What is -10 (base 10) in base 8?
-12
40 (base 5) to base 2
10100
What is -2a (base 12) in base 7?
-46
Convert 101 (base 2) to base 9.
5
What is 3 (base 16) in base 6?
3
101100011 (base 2) to base 7
1015
Convert -101110 (base 2) to base 5.
-141
Convert 1d (base 15) to base 13.
22
33 (base 4) to base 3
120
What is -2 (base 5) in base 10?
-2
What is 17 (base 14) in base 13?
18
Convert -3 (base 15) to base 12.
-3
-18 (base 9) to base 15
-12
-7 (base 14) to base 12
-7
Convert 32 (base 4) to base 11.
13
What is -2 (base 7) in base 9?
-2
171 (base 11) to base 9
241
Convert 4 (base 14) to base 11.
4
What is 1023 (base 6) in base 4?
3213
What is -3 (base 8) in base 3?
-10
What is -1 (base 12) in base 14?
-1
What is 12 (base 6) in base 11?
8
8 (base 16) to base 13
8
0 (base 3) to base 4
0
-3 (base 5) to base 8
-3
What is -5 (base 7) in base 16?
-5
What is 4 (base 14) in base 4?
10
What is 221 (base 12) in base 6?
1241
What is -57 (base 10) in base 11?
-52
Convert 10 (base 4) to base 10.
4
What is 1001 (base 2) in base 11?
9
Convert 6 (base 12) to base 16.
6
Convert 6 (base 14) to base 13.
6
What is 2 (base 13) in base 15?
2
What is 2 (base 7) in base 14?
2
6a (base 13) to base 16
58
Convert -22 (base 4) to base 15.
-a
Convert -100 (base 2) to base 5.
-4
What is 200 (base 3) in base 14?
14
Convert -55 (base 12) to base 4.
-1001
What is -1425 (base 6) in base 14?
-1cd
What is 242 (base 5) in base 2?
1001000
What is -3 (base 8) in base 4?
-3
-3 (base 8) to base 13
-3
Convert 0 (base 6) to base 10.
0
3 (base 9) to base 4
3
-2 (base 12) to base 14
-2
-4 (base 15) to base 3
-11
Convert -11 (base 3) to base 9.
-4
What is -1 (base 7) in base 14?
-1
Convert 4 (base 15) to base 11.
4
-11a (base 16) to base 14
-162
22202 (base 3) to base 9
282
What is 112 (base 9) in base 4?
1130
1 (base 9) to base 6
1
-305 (base 6) to base 15
-78
What is -a9 (base 15) in base 2?
-10011111
Convert -121 (base 5) to base 14.
-28
Convert 53 (base 14) to base 10.
73
What is 2 (base 13) in base 12?
2
17 (base 8) to base 5
30
-302 (base 4) to base 13
-3b
1 (base 7) to base 13
1
What is -1011 (base 2) in base 13?
-b
What is -30 (base 11) in base 16?
-21
What is 3 (base 4) in base 12?
3
-22 (base 12) to base 3
-222
4 (base 16) to base 11
4
-6 (base 10) to base 8
-6
Convert 111 (base 7) to base 8.
71
-102 (base 5) to base 4
-123
325 (base 8) to base 9
256
-d 